 29149 is divided by 13606.
1937
Calculate the remainder when 217309 is divided by 10.
9
Calculate the remainder when 77346 is divided by 25428.
1062
Calculate the remainder when 945496 is divided by 1636.
1524
Calculate the remainder when 1316920 is divided by 967.
833
What is the remainder when 5240404 is divided by 2640?
4
Calculate the remainder when 491981 is divided by 345.
11
What is the remainder when 926486 is divided by 343?
43
What is the remainder when 375557 is divided by 2370?
1097
What is the remainder when 56925 is divided by 4720?
285
Calculate the remainder when 25764032 is divided by 505176.
56
Calculate the remainder when 3783419 is divided by 34389.
629
Calculate the remainder when 23183860 is divided by 13.
11
What is the remainder when 835965 is divided by 212?
49
What is the remainder when 23117 is divided by 3604?
1493
What is the remainder when 4577896 is divided by 33173?
22
Calculate the remainder when 406519 is divided by 3597.
58
Calculate the remainder when 229185 is divided by 562.
451
What is the remainder when 189215 is divided by 711?
89
Calculate the remainder when 6917481 is divided by 27781.
12
Calculate the remainder when 168138971 is divided by 84069482.
7
What is the remainder when 4204167 is divided by 1401275?
342
Calculate the remainder when 1492611 is divided by 27138.
21
What is the remainder when 279885 is divided by 112?
109
Calculate the remainder when 79029 is divided by 9393.
3885
Calculate the remainder when 1698869 is divided by 45.
29
Calculate the remainder when 4131882 is divided by 4131871.
11
What is the remainder when 14067568 is divided by 1278868?
20
Calculate the remainder when 275338 is divided by 39251.
581
Calculate the remainder when 521178 is divided by 1123.
106
Calculate the remainder when 62195 is divided by 438.
437
Calculate the remainder when 1404549 is divided by 702062.
425
Calculate the remainder when 39330 is divided by 12829.
843
Calculate the remainder when 14070366 is divided by 29.
1
Calculate the remainder when 996407 is divided by 378.
377
Calculate the remainder when 891050 is divided by 456.
26
Calculate the remainder when 113781 is divided by 31.
11
What is the remainder when 691864 is divided by 1969?
745
What is the remainder when 89499492 is divided by 237?
234
What is the remainder when 4259224 is divided by 368?
360
Calculate the remainder when 418491 is divided by 104621.
7
What is the remainder when 441825 is divided by 109877?
2317
Calculate the remainder when 27374393 is divided by 9124797.
2
What is the remainder when 874872 is divided by 12?
0
What is the remainder when 586045 is divided by 11491?
4
What is the remainder when 92964725 is divided by 68?
21
What is the remainder when 18259578 is divided by 480512?
122
What is the remainder when 35769 is divided by 1704?
1689
What is the remainder when 3862630 is divided by 78?
70
What is the remainder when 2456589 is divided by 290?
289
Calculate the remainder when 1504258 is divided by 3969.
7
What is the remainder when 162571 is divided by 336?
283
Calculate the remainder when 37425448 is divided by 920.
768
Calculate the remainder when 660725 is divided by 1427.
24
What is the remainder when 316717 is divided by 78924?
1021
What is the remainder when 18929597 is divided by 400?
397
What is the remainder when 3098611 is divided by 193663?
3
Calculate the remainder when 31472158 is divided by 81.
13
Calculate the remainder when 14804663 is divided by 1176.
1175
Calculate the remainder when 729879 is divided by 2044.
171
Calculate the remainder when 1261969 is divided by 1252.
1205
What is the remainder when 386293 is divided by 192705?
883
What is the remainder when 2162850 is divided by 3634?
620
What is the remainder when 188040 is divided by 323?
54
Calculate the remainder when 75212 is divided by 23.
2
Calculate the remainder when 2284341 is divided by 9174.
15
Calculate the remainder when 11973553 is divided by 1278.
1249
Calculate the remainder when 15288 is divided by 901.
872
What is the remainder when 1316082 is divided by 8952?
138
What is the remainder when 1708763 is divided by 531?
5
Calculate the remainder when 28922 is divided by 11857.
5208
Calculate the remainder when 6911757 is divided by 27758.
15
Calculate the remainder when 1731703 is divided by 8.
7
Calculate the remainder when 70661644 is divided by 2817.
16
What is the remainder when 81376438 is divided by 305?
303
What is the remainder when 24058303 is divided by 2288?
2271
What is the remainder when 585415 is divided by 146299?
219
Calculate the remainder when 24613017 is divided by 38.
37
What is the remainder when 8618731 is divided by 921?
13
What is the remainder when 8405956 is divided by 2677?
176
Calculate the remainder when 13314327 is divided by 443808.
87
Calculate the remainder when 26166614 is divided by 528.
518
What is the remainder when 41901179 is divided by 5408?
5403
Calculate the remainder when 612737 is divided by 4031.
25
What is the remainder when 5281936 is divided by 1706?
160
Calculate the remainder when 18730 is divided by 9288.
154
What is the remainder when 43365 is divided by 4807?
102
What is the remainder when 597372 is divided by 4741?
6
Calculate the remainder when 141192 is divided by 259.
37
What is the remainder when 1626765 is divided by 65?
10
What is the remainder when 3317 is divided by 2768?
549
What is the remainder when 1065871 is divided by 177392?
1519
Calculate the remainder when 823608 is divided by 412.
20
Calculate the remainder when 9759 is divided by 2296.
575
What is the remainder when 23043 is divided by 3153?
972
Calculate the remainder when 82179 is divided by 2238.
1611
What is the remainder when 4075312 is divided by 50941?
32
Calculate the remainder when 55284077 is divided by 21.
2
What is the remainder when 67724 is divided by 32740?
2244
Calculate the remainder when 6898047 is divided by 128.
127
Calculate the remainder when 9243273 is divided by 9679.
9507
Calculate the remainder when 3310311 is divided by 40.
31
What is the remainder when 6812462 is divided by 1119?
1109
What is the remainder when 74939241 is divided by 334?
329
Calculate the remainder when 500523 is divided by 1820.
23
What is the remainder when 28713788 is divided by 28713787?
1
Calculate the remainder when 38626 is divided by 219.
82
Calculate the remainder when 101183 is divided by 5047.
243
What is the remainder when 2610793 is divided by 1457?
1306
What is the remainder when 18044 is divided by 599?
74
Calculate the remainder when 1672269 is divided by 209030.
29
What is the remainder when 15452368 is divided by 173?
8
What is the remainder when 3969465 is divided by 213?
210
Calculate the remainder when 1331702 is divided by 2080.
502
Calculate the remainder when 10071378 is divided by 3357083.
129
Calculate the remainder when 9769288 is divided by 33.
1
What is the remainder when 72258 is divided by 817?
362
Calculate the remainder when 5251899 is divided by 5593.
72
What is the remainder when 1228702 is divided by 475?
352
What is the remainder when 12910915 is divided by 4303638?
1
Calculate the remainder when 23032892 is divided by 6.
2
What is the remainder when 10137132 is divided by 844756?
60
What is the remainder when 36041 is divided by 1919?
1499
What is the remainder when 2902388 is divided by 12?
8
Calculate the remainder when 119987 is divided by 1816.
131
Calculate the remainder when 4701308 is divided by 318.
314
Calculate the remainder when 5520 is divided by 1473.
1101
Calculate the remainder when 1103579 is divided by 10973.
6279
What is the remainder when 6858604 is divided by 318?
298
What is the remainder when 519044830 is divided by 36?
34
Calculate the remainder when 14973402 is divided by 2201.
2200
Calculate the remainder when 13128304 is divided by 1458699.
13
What is the remainder when 14929226 is divided by 6864?
26
Calculate the remainder when 155515 is divided by 377.
191
What is the remainder when 210284 is divided by 18015?
12119
What is the remainder when 871962 is divided by 959?
231
Calculate the remainder when 23696 is divided by 668.
316
What is the remainder when 6052358 is divided by 1402?
1326
What is the remainder when 846736 is divided by 39